e
Is 1404467 a prime number?
True
Is 1285679 a prime number?
True
Is 284491 composite?
True
Is 61176433 a composite number?
True
Is 14244991 a composite number?
False
Is 1941101 composite?
False
Is 1000081 a composite number?
False
Is 3304211 prime?
False
Is 537206939 composite?
False
Is 2645347 composite?
True
Is 2636885 a prime number?
False
Is 7028503 composite?
True
Is 453722627 a prime number?
False
Is 99957967 prime?
True
Is 13549099 composite?
True
Is 97138711 a prime number?
False
Is 478535 a prime number?
False
Is 2414809 a prime number?
False
Is 73010969 a composite number?
True
Is 17575937 composite?
False
Is 130004779 a prime number?
True
Is 5259593 a composite number?
False
Is 1584571 prime?
True
Is 11593561 prime?
False
Is 8770607 prime?
True
Is 2242291 composite?
False
Is 208787 a composite number?
False
Is 155564009 a composite number?
True
Is 273443 prime?
False
Is 299087 a composite number?
False
Is 57067 a composite number?
True
Is 190674859 prime?
True
Is 1441607 a prime number?
False
Is 180473 prime?
True
Is 11857759 a prime number?
True
Is 154236791 a prime number?
False
Is 2880953 prime?
False
Is 114797479 composite?
True
Is 195249853 composite?
False
Is 1036163 prime?
True
Is 71609 a composite number?
True
Is 403146797 a prime number?
False
Is 37552415 a composite number?
True
Is 471145841 a composite number?
False
Is 16519289 a composite number?
False
Is 52849283 a prime number?
False
Is 983542321 composite?
True
Is 856824029 composite?
False
Is 63587717 composite?
False
Is 224646031 a prime number?
False
Is 25790285 a prime number?
False
Is 3435007 composite?
False
Is 40867 prime?
True
Is 436591 a prime number?
True
Is 22170783 composite?
True
Is 466703 a composite number?
True
Is 501494759 composite?
True
Is 106319051 composite?
True
Is 3328597 a composite number?
False
Is 25837205 a prime number?
False
Is 3756001 a composite number?
False
Is 19357517 prime?
True
Is 200019173 composite?
True
Is 932641 a prime number?
False
Is 41011961 a prime number?
False
Is 37065153 prime?
False
Is 97811737 composite?
False
Is 270405647 composite?
True
Is 34083491 prime?
False
Is 1561403 prime?
False
Is 17293687 a prime number?
True
Is 35491 a prime number?
True
Is 665794279 a composite number?
True
Is 11973703 composite?
True
Is 1372799 composite?
False
Is 679561 a prime number?
True
Is 45726334 a prime number?
False
Is 32230378 a prime number?
False
Is 327227 a prime number?
False
Is 46049218 a composite number?
True
Is 12827057 a prime number?
False
Is 105423907 a prime number?
False
Is 52044535 prime?
False
Is 1296989 a prime number?
False
Is 104147 prime?
True
Is 17313533 a composite number?
False
Is 94224521 composite?
True
Is 22917779 a composite number?
False
Is 78293767 prime?
False
Is 13909907 composite?
True
Is 8264869 a composite number?
False
Is 512218237 a prime number?
True
Is 2749027 a composite number?
False
Is 1204954 composite?
True
Is 39966721 a prime number?
True
Is 47025283 prime?
True
Is 812587 prime?
True
Is 10750013 prime?
False
Is 73573831 prime?
True
Is 1146011 prime?
False
Is 820567 prime?
False
Is 2422901 a prime number?
False
Is 17723974 a prime number?
False
Is 250892107 prime?
False
Is 2148241 composite?
False
Is 162209 a prime number?
True
Is 18463657 a composite number?
False
Is 37817251 a prime number?
True
Is 217215287 a prime number?
False
Is 15670349 a composite number?
False
Is 917679055 a composite number?
True
Is 137599913 a prime number?
False
Is 14291665 prime?
False
Is 40727279 a composite number?
True
Is 1765105 a composite number?
True
Is 212643547 a prime number?
False
Is 128396459 prime?
True
Is 27640331 a prime number?
False
Is 31881973 prime?
True
Is 674083 composite?
False
Is 90343441 prime?
True
Is 3629203 composite?
False
Is 1925903 a composite number?
True
Is 669763 a prime number?
True
Is 131511001 a composite number?
False
Is 28410337 a prime number?
True
Is 4430593 a composite number?
False
Is 5385893 prime?
True
Is 1159447 composite?
False
Is 157605683 a prime number?
False
Is 4019209 a prime number?
False
Is 997201 a prime number?
True
Is 37488263 a prime number?
True
Is 70082651 a composite number?
False
Is 463111 a composite number?
True
Is 2186857 prime?
True
Is 3777307 composite?
False
Is 59635219 prime?
False
Is 5064461 a prime number?
True
Is 23682329 composite?
True
Is 361990829 prime?
False
Is 190050467 composite?
False
Is 414924137 a prime number?
True
Is 8876999 prime?
True
Is 95911 composite?
False
Is 4230719 a prime number?
True
Is 8499319 prime?
False
Is 135151 prime?
True
Is 976271 a composite number?
False
Is 78816137 a composite number?
False
Is 2072219 a composite number?
True
Is 17826833 composite?
False
Is 1631557 prime?
True
Is 7346419 prime?
False
Is 1960703 a composite number?
False
Is 1911145 composite?
True
Is 735831997 composite?
False
Is 88194317 prime?
False
Is 25974142 a composite number?
True
Is 16150121 composite?
True
Is 26555543 prime?
False
Is 808991 composite?
False
Is 39590987 a prime number?
True
Is 43564681 a composite number?
True
Is 144315707 composite?
True
Is 2595461 composite?
True
Is 13445239 prime?
True
Is 3976619 composite?
False
Is 4592239 prime?
False
Is 3532787 a prime number?
False
Is 141854899 composite?
True
Is 58602379 a prime number?
False
Is 38924291 a composite number?
True
Is 2201345 a prime number?
False
Is 2489137 composite?
True
Is 131519 prime?
True
Is 8182843 composite?
True
Is 2701469 composite?
True
Is 277214501 a prime number?
True
Is 5378819 prime?
True
Is 194166241 a prime number?
True
Is 3028423 a prime number?
True
Is 1237857 prime?
False
Is 145341673 a prime number?
True
Is 29282233 composite?
False
Is 770430683 a composite number?
True
Is 55628585 composite?
True
Is 642360023 a prime number?
True
Is 167156327 prime?
False
Is 1031125703 a prime number?
True
Is 22097591 prime?
True
Is 63923 composite?
True
Is 30658877 a prime number?
False
Is 5154343 a composite number?
False
Is 86086153 a composite number?
False
Is 56363647 a composite number?
False
Is 31951 composite?
True
Is 13973899 a prime number?
False
Is 93722107 prime?
False
Is 56818 a prime number?
False
Is 3632133 a composite number?
True
Is 329530007 prime?
True
Is 22653237 prime?
False
Is 46149413 prime?
True
Is 58799989 composite?
True
Is 12252179 composite?
False
Is 214014089 a composite number?
True
Is 2746529 prime?
True
Is 226126471 a prime number?
True
Is 5362583 prime?
True
Is 193946689 a prime number?
True
Is 14429867 prime?
False
Is 42087 a prime number?
False
Is 63442343 composite?
True
Is 22380847 prime?
True
Is 562254383 a composite number?
False
Is 68671081 a composite number?
True
Is 14350717 prime?
True
Is 14005613 prime?
False
Is 6492667 a prime number?
False
Is 566493671 a composite number?
False
Is 89294177 a prime number?
False
Is 324113 a composite number?
False
Is 32068997 a composite number?
False
Is 633923 composite?
False
Is 318922937 composite?
False
Is 302599 a prime number?
False
Is 28666247 a prime number?
True
Is 60911881 prime?
True
Is 256850863 a composite number?
True
Is 241868661 a composite number?
True
Is 5800477 composite?
False
Is 517248337 composite?
False
Is 66122387 a prime number?
True
Is 251261345 composite?
True
Is 17293111 prime?
False
Is 24762623 a composite number?
False
Is 80119 prime?
False
Is 27204013 composite?
True
Is 4516969 a prime number?
True
Is 120520711 a prime number?
False
Is 3604871 prime?
True
Is 79768817 a prime number?
True
Is 8090041 a prime number?
True
Is 16912667 a prime number?
True
Is 6810203 composite?
False
Is 914229889 a prime number?
True
Is 12352699 a prime number?
True
Is 3705101 a prime number?
True
Is 5991631 composite?
True
Is 16498549 composite?
True
Is 5480567 a prime number?
True
Is 126132931 a composite number?
False
Is 221720089 a composite number?
False
Is 62377937 a prime number?
True
Is 76841447 prime?
True
Is 3901333 a composite number?
False
Is 950051 a prime number?
False
Is 14931817 a composite number?
True
Is 22340909 prime?
True
Is 98720471 a composite number?
False
Is 40574563 a prime number?
False
Is 127694963 a composite number?
True
Is 15745571 composite?
False
Is 3003263 composite?
True
Is 4189273 a composite number?
True
Is 976243 a prime numbe